 the hundreds digit of c?
9
Let d be -4 - (-1)/(5/680). Suppose -135 = t + 5*i, 5*t + 787 = -5*i + d. What is the tens digit of 6/(-2 + (-275)/t)?
5
Let d(f) be the third derivative of -1/120*f**6 - 12*f**2 - 1/5*f**5 + 13/6*f**3 - 7/12*f**4 + 0 + 0*f. What is the tens digit of d(-11)?
4
Suppose -4*y - 3*c - 22 = 14, 0 = -2*y - c - 16. Let g(k) = -2*k**3 + 2*k**2 - 13*k + 9. Let t be g(y). What is the hundreds digit of t/5 + 1/(-5)?
1
Let i(o) = 3316*o**2 + 8*o + 60. What is the units digit of i(-3)?
0
Suppose 63*t - 141*t + 777140 = -64*t. What is the tens digit of t?
1
Suppose 0 = -l + 2200 - 649. What is the thousands digit of l?
1
Suppose -l - 4*n = -2*n - 118, n = 3*l - 319. Let m be ((-4)/(-6))/((-4)/l). What is the hundreds digit of (-258)/(21/m*3 - -2)?
1
Let o(d) = 13*d**2 + d**3 + 11*d**2 + 0*d**2 + 7 + 11*d. What is the hundreds digit of o(-7)?
7
Suppose 8*c + 5*z - 22 = 7*c, 2*c + z - 62 = 0. What is the hundreds digit of 24824/22 - c/88?
1
Let f be (22/13)/2 + (-36)/(-234). What is the units digit of (f - 3)*-69 + -2?
6
Suppose 0 = -13*g + 14141 + 24417. What is the thousands digit of g?
2
What is the ten thousands digit of (1/8 + (-2344251)/(-104))*(10 + -9)?
2
Let q(w) = 55*w - 55. Let m be q(7). Let x = 761 - m. What is the hundreds digit of x?
4
Let t = -181 + 125. Let g = t + 93. Let y = g - 1. What is the units digit of y?
6
Let k(o) = 39*o**2 + 5*o + 20. Let c(a) = 10*a - 233. Let i be c(23). What is the hundreds digit of k(i)?
3
Let u(k) = 26*k**2 - 9*k + 16. Let z be (-460)/(-3) + -1*(-4)/(-12). Let s = z + -150. What is the hundreds digit of u(s)?
2
Let a(k) = 46018*k**2 - 38*k - 39. What is the ten thousands digit of a(-1)?
4
Suppose -4*a = -2*q + 1660, -4*q + 213 + 202 = -a. Let r = -39 - a. What is the hundreds digit of r?
3
What is the tens digit of 248/32 + -9 - 128394/(-8)?
4
Let g = 516 + -815. Let s = g + 545. What is the tens digit of s?
4
Let y(o) = 3*o. Let r be y(1). Let b be 14/(-2) - (-228 - 47) - 4. Suppose 3*l + r*a - b = 120, -3*a - 498 = -4*l. What is the tens digit of l?
2
Let b(a) = -23*a**2 + a - 2. Let g be b(2). Let l = g + 491. Suppose -5*w = -j - l, 0*j = -w - 3*j + 83. What is the tens digit of w?
8
Let k(a) be the first derivative of -3*a**4/4 + 2*a**3/3 - 2*a**2 - a - 90. What is the tens digit of k(-3)?
1
Let g = 18 - 20. Let s be (16/(16/4))/g. What is the hundreds digit of -3 - (-1 - (s - -230 - 0))?
2
Suppose 30*y - 4505 = 1975. What is the hundreds digit of (-76 - -10)/((-9)/y)?
5
Let o(m) = 6*m**2 - 2. Let q be 6/(-5) + 1*1/5. Let d be q + (-28)/20 - 2/(-5). What is the units digit of o(d)?
2
Suppose -55*n - 4*b + 8787 = -50*n, -2*n = -2*b - 3522. What is the hundreds digit of n?
7
What is the hundreds digit of 33414/3 - ((19 - 21) + (-2 - 1))?
1
Suppose 2*k = -0*k + 12. Suppose 300 + 60 = -40*n. What is the tens digit of (k/n)/(-2)*213?
7
Let a(j) = -4638*j - 703. What is the hundreds digit of a(-12)?
9
Let i = -7089 - -14713. Suppose b = -5*x - i, 7626 = -x - 4*x + b. What is the units digit of x/(-10) - 1/(-2)?
3
Suppose 13*m = 507 + 286. Suppose m*w + 5592 = 73*w. What is the hundreds digit of w?
4
Let m = 77275 - 11575. What is the ten thousands digit of m?
6
Let r be 3 + (-8)/2 + (-5 - -10). Suppose -p = -3*o + r*p + 305, 4*o - 4*p = 404. What is the hundreds digit of o?
1
Suppose -41*d - 364 = -43*d. Suppose -10*j = -682 + d. Suppose 5*a - j = -3*g + 3*a, -2*g + 4*a = -60. What is the units digit of g?
0
Let x be ((-24)/10)/(-3)*155/1. Suppose -2*s + 133 = 5*u + 6, -2*s = 4*u - x. Let w = 44 + s. What is the tens digit of w?
0
What is the tens digit of (-159712)/(-12) + (-2)/(12/(-10))?
1
Let b(f) = -f**3 + 4*f**2 - f - 3. Let q be b(3). Suppose -150 = 3*y - 5*y + 3*i, 0 = q*y + 4*i - 259. Suppose 0 = 4*u - y - 63. What is the tens digit of u?
3
Let d = 757 + -361. Suppose 8*s + d = 2236. What is the units digit of s?
0
Let q = -8027 + 11297. What is the hundreds digit of q?
2
Suppose 289*x = 302*x - 5083. What is the units digit of x?
1
What is the units digit of (334502/(-28))/(-7 - (-130)/20)?
3
Suppose -5*i + 102 = i. Suppose 11*k = i*k - 864. What is the tens digit of k?
4
Let s(f) = -1. Let p(m) = 58*m - 13. Let h(w) = -p(w) - 3*s(w). Let u be h(-8). Suppose -315 = -2*o - 0*o - v, 3*o + 3*v - u = 0. What is the units digit of o?
5
Let p be 100/26 - (-10)/65. Suppose 2*z + 7*g = 5*g + 840, p*z + 3*g = 1678. What is the units digit of z?
8
Let a(t) = 5*t**2 + 55*t + 60*t - 3*t**2 - 93*t + 25. Let x be a(-10). Suppose -x*g = -9*g + 208. What is the tens digit of g?
5
Suppose 5*z = 47 - 12. Let u = 42 + z. Suppose u*f - 46*f - 3 = 0. What is the units digit of f?
1
Let r = 0 - -472. Suppose 190 = 2*a - r. What is the tens digit of 2 + a/7 + (-16)/56?
4
Suppose 4*v = 5*r + 2*v - 151, 120 = 4*r - 2*v. Let x = r - 35. What is the units digit of (x + 7 - -1) + 62?
6
Suppose 172 + 188 = 12*u. Suppose 0 = c + 23 - u. Suppose c*x - 5*x = 296. What is the tens digit of x?
4
Suppose 5*c + 29 - 244 = 0. Let t = c + -46. What is the units digit of t/(6 - 3) - -12?
1
Let i(t) = -t**3 - 4*t**2 + 10*t - 20. Let b be i(-12). Suppose b = 4*c + 3*v, 5*c = -5*v + 1116 + 154. What is the tens digit of c?
5
Let p(y) = 3200*y + 401. What is the tens digit of p(4)?
0
Suppose -5*y - 211 = -36. Let u be 1 + 7/(y/(-20)). Suppose 0 = u*f - 2*a - 529, -a - 527 = 3*f - 8*f. What is the units digit of f?
5
Suppose 4*y = i + 249885, -3*i - 164328 = -2*y - 39383. Suppose 11855 = -24*l + y. What is the units digit of l?
9
Let t = 349 + -342. Suppose -6058 = -t*y + 3511. What is the hundreds digit of y?
3
Let u(k) = 17*k**2 + 222 + 232 - 52*k - k**3 - 444. What is the tens digit of u(12)?
0
Let f be (-6)/(-16) - 8/((-192)/111). Suppose 5*h = -4*o + 606, -5*h + f*o + 371 = -2*h. What is the tens digit of h?
2
Let f(u) = 2*u**3 - 4*u**2 - u + 7. Let l be f(-3). Let r = l - -494. What is the hundreds digit of r?
4
Suppose -5*b = 25, 0 = 2*h - 2*b + 6*b - 11932. What is the units digit of h?
6
Let u = -14045 - -14586. What is the hundreds digit of u?
5
Let q(l) = -l**3 + 10*l**2 - 14*l - 6. Let t be q(10). Let v = 21 - t. What is the hundreds digit of v?
1
Let j = 813 + -703. Suppose 0 = -6*v + 902 - j. What is the hundreds digit of v?
1
Let g(t) = -t**3 - 16*t**2 - 16*t + 9. Let h be g(-15). Let y be (205/10)/((-3)/h). What is the tens digit of y/(-6)*6/4?
4
Suppose -3*s - h - 51 = 0, -2*s - 5*h = -14 + 35. Let b = s - -343. What is the units digit of b?
5
Let i(b) = -6*b - 94. Let m be i(-19). Let v(g) = 32*g - 69. What is the hundreds digit of v(m)?
5
Let z(c) = 2*c**2 - 7*c - 10. Let r be z(6). Suppose v = -k + 3*k - r, -v = 2*k - 16. Suppose -k = 11*y - 14*y. What is the units digit of y?
3
Suppose 0 = -4*v + 1411 + 2053. Suppose -4*h + 414 = -v. Suppose 4*g = -0*g + h. What is the units digit of g?
0
Let r(g) = 2*g + 41. Let c be r(-19). Suppose 522 + 842 = 11*z. Suppose -c*s + z = -107. What is the tens digit of s?
7
Suppose 4344 = -15*s + 21099. Let y = s + -669. What is the hundreds digit of y?
4
Let f be -17 + 23 + -6 + 2. Suppose -4*b = 2*x - 830, b + 1101 = f*x + 266. What is the hundreds digit of x?
4
Let q = -80 + 50. What is the tens digit of ((-96)/q)/((-3)/(-105))?
1
Let i be (-25764)/(-30) - 8/10. Suppose -4*h = -0*m + 3*m - i, -1125 = -4*m + h. What is the units digit of m?
2
Suppose 249*m - 12054596 - 8092492 = 0. What is the tens digit of m?
1
Suppose 16*t + 2490956 = 121*t + 165521. What is the hundreds digit of t?
1
Suppose 2*l - 4*w = 8660, 0 = 4*l - 2*w - 3*w - 17335. Suppose -56*k + l = -49*k. What is the hundreds digit of k?
6
Let n be 2 + 40/(-22) + (-15445)/(-55). Let a = -164 + n. What is the units digit of a?
7
Let x be (-1 - -3) + (-2 - 0) + 15. Let g(s) = 9 + s**3 - 3*s**2 + 15*s + s**2 - 14*s**2. What is the units digit of g(x)?
9
Suppose -46 = 3*u + 5*w - 6, 10 = -u - w. What is the tens digit of 270 - 5 - u/(5/4)?
6
Suppose 6*m + 26*m - 274364 = 209060. What is the units digit of m?
7
Suppose 3*p + 956 = -5*l - 1749, 0 = 5*p + 25. Let i = 1091 + l. What is the tens digit of i?
5
Let p(y) = -y**2 - 13*y + 4. Let g(x) = -x**3 + 3*x**2 + x - 4. Let m be g(3). Let f = -12 - m. What is the tens digit of p(f)?
2
Suppose -390546 = 124*h - 142*h. What is the hundreds digit of h?
6
L